{"id":149,"date":"2023-11-27T12:32:57","date_gmt":"2023-11-27T11:32:57","guid":{"rendered":"https:\/\/poligonsvic.cat\/?page_id=149"},"modified":"2026-03-30T09:03:39","modified_gmt":"2026-03-30T07:03:39","slug":"ainev","status":"publish","type":"page","link":"https:\/\/poligonsvic.cat\/index.php\/les-associacions\/ainev\/","title":{"rendered":"Associaci\u00f3 Industrials Nord-Est Vic"},"content":{"rendered":"\n<div class=\"wp-block-columns is-layout-flex wp-container-core-columns-is-layout-28f84493 wp-block-columns-is-layout-flex\">\n<div class=\"wp-block-column has-background-background-color has-background is-layout-flow wp-block-column-is-layout-flow\" style=\"padding-top:var(--wp--preset--spacing--50);padding-right:var(--wp--preset--spacing--30);padding-bottom:var(--wp--preset--spacing--50);padding-left:var(--wp--preset--spacing--30)\">\n<figure class=\"wp-block-image alignleft size-full is-resized\"><a href=\"https:\/\/ainev.cat\/\"><img loading=\"lazy\" decoding=\"async\" width=\"431\" height=\"130\" src=\"https:\/\/poligonsvic.cat\/wp-content\/uploads\/2023\/11\/Captura-de-Pantalla-2023-11-27-a-les-11.59.35.png\" alt=\"\" class=\"wp-image-133\" style=\"width:305px;height:auto\" srcset=\"https:\/\/poligonsvic.cat\/wp-content\/uploads\/2023\/11\/Captura-de-Pantalla-2023-11-27-a-les-11.59.35.png 431w, https:\/\/poligonsvic.cat\/wp-content\/uploads\/2023\/11\/Captura-de-Pantalla-2023-11-27-a-les-11.59.35-300x90.png 300w\" sizes=\"auto, (max-width: 431px) 100vw, 431px\" \/><\/a><\/figure>\n<\/div>\n<\/div>\n\n\n\n<figure class=\"wp-block-image size-large\"><img loading=\"lazy\" decoding=\"async\" width=\"1024\" height=\"339\" src=\"https:\/\/poligonsvic.cat\/wp-content\/uploads\/2023\/11\/ainev-1024x339.png\" alt=\"\" class=\"wp-image-287\" srcset=\"https:\/\/poligonsvic.cat\/wp-content\/uploads\/2023\/11\/ainev-1024x339.png 1024w, https:\/\/poligonsvic.cat\/wp-content\/uploads\/2023\/11\/ainev-300x99.png 300w, https:\/\/poligonsvic.cat\/wp-content\/uploads\/2023\/11\/ainev-768x254.png 768w, https:\/\/poligonsvic.cat\/wp-content\/uploads\/2023\/11\/ainev.png 1147w\" sizes=\"auto, (max-width: 1024px) 100vw, 1024px\" \/><\/figure>\n\n\n\n<div class=\"wp-block-group is-vertical is-layout-flex wp-container-core-group-is-layout-939d3073 wp-block-group-is-layout-flex\" style=\"border-style:none;border-width:0px;padding-right:0;padding-left:0\">\n<div style=\"height:34px\" aria-hidden=\"true\" class=\"wp-block-spacer wp-container-content-cf2db169\"><\/div>\n\n\n\n<details class=\"wp-block-details has-vivid-red-color has-text-color has-link-color wp-elements-65518e6fae7b2f6d372822dc09d0674b is-layout-flow wp-block-details-is-layout-flow\"><summary>Contacta&#8217;ns<\/summary>\n<p>Anna Maria Arum\u00ed<br>ainevvic@gmail.com<br>Tel\u00e8fon: 633 53 87 12<\/p>\n\n\n\n<div style=\"height:21px\" aria-hidden=\"true\" class=\"wp-block-spacer\"><\/div>\n<\/details>\n\n\n\n<p><strong>Presidenta:<\/strong> Concepci\u00f3n Flores<br><strong>Gestora intera:<\/strong> Anna Maria Arum\u00ed<\/p>\n\n\n\n<p><strong>Per m\u00e9s informaci\u00f3:<\/strong>&nbsp;<a href=\"https:\/\/ainev.cat\/\">consulta al web&nbsp;<\/a><\/p>\n\n\n\n<div style=\"height:20px\" aria-hidden=\"true\" class=\"wp-block-spacer wp-container-content-728072c3\"><\/div>\n\n\n\n<div style=\"height:20px\" aria-hidden=\"true\" class=\"wp-block-spacer wp-container-content-62aae154\"><\/div>\n\n\n\n<h3 class=\"wp-block-heading\">Presentaci\u00f3<\/h3>\n\n\n\n<p><\/p>\n\n\n\n<p>Creada al 1990 per la inquietud d\u2019uns propietaris i\/o usuaris degut a la inseguretat, neteja, mal estat d\u2019alguns carrers, creixement incontrolat de les herbes, la incompleta senyalitzaci\u00f3\u2026. amb la finalitat de: \u201cvetllar per l\u2019inter\u00e8s o els beneficis del Pol\u00edgon i dels seus membres, com a propietaris o usuaris de parts del mateix i fomentar tota mena d\u2019iniciatives que puguin redundar en benefici del Pol\u00edgon en general, i en particular dels seus associats i usuaris\u201d.<br><br>Cobreix tres zones de pol\u00edgons: Malloles (1974), El Bruguer (2007) i les Casasses (2005). (Dates de finalitzaci\u00f3 de l\u2019urbanitzaci\u00f3)<\/p>\n<\/div>\n\n\n\n<h3 class=\"wp-block-heading\">Serveis<\/h3>\n\n\n\n<ul class=\"wp-block-list\">\n<li><strong>Gesti\u00f3 mancomunada: <\/strong>Vetllar per propostes conjuntes per a la millora dels pol\u00edgons de Vic.<\/li>\n\n\n\n<li><strong>Gesti\u00f3 de la SEGURETAT<\/strong>: c\u00e0meres de videovigil\u00e0ncia i servei de vigil\u00e0ncia amb rondes als pol\u00edgons de Malloles, Bruguer i Casassas, la resta de zones est\u00e0 en per\u00edode d\u2019estudi.<\/li>\n\n\n\n<li>Millorar la MOBILITAT: contacte directe amb l\u2019\u00e0rea de mobilitat de l\u2019Ajuntament de Vic per treballar conjuntament amb pel seu bon funcionament. Temes: circulaci\u00f3 de vehicles, carrils bicicleta, sentits de circulaci\u00f3, aparcaments de tot tipus, senyalitzacions, incid\u00e8ncies, etc.&nbsp;<\/li>\n\n\n\n<li><strong>VETLLAR PEL MANTENIMENT de l\u2019\u00c0REA INDUSTRIAL:<\/strong> jardineria, cal\u00e7ades, neteja, enllumenat, senyalitzaci\u00f3 i alertar de comportaments inc\u00edvics.<\/li>\n\n\n\n<li>SALUT: desfibril\u00b7ladors als pol\u00edgons per tenir la zona cardioprotegida.<\/li>\n\n\n\n<li><strong>CONNEXIONS<\/strong>: Contacte directe amb l\u2019Ajuntament de Vic amb la regidoria de promoci\u00f3 econ\u00f2mica, \u00e0rea de manteniment, mobilitat i promoci\u00f3 econ\u00f2mica de Vic (Creacci\u00f3) i les dues associacions de PAEs m\u00e9s que hi ha a Vic. El 1r dijous de cada mes.<\/li>\n\n\n\n<li><strong>COMPETITIVITAT EMPRESARIAL<\/strong>: assessoraments en energia, residus, gesti\u00f3, digital, etc., creaci\u00f3 grup de compra d\u2019energia.<\/li>\n\n\n\n<li><strong>COMUNICACI\u00d3:&nbsp;<\/strong>Informar peri\u00f2dicament de totes les actuacions que es realitzen.<\/li>\n\n\n\n<li><strong>POSICIONAMENT I VISIBILITAT: <\/strong>directori empresarial (<a href=\"http:\/\/empresesosona.cat\/\" target=\"_blank\" rel=\"noreferrer noopener\">http:\/\/empresesosona.cat\/<\/a>).<\/li>\n<\/ul>\n\n\n\n<div class=\"wp-block-group is-vertical is-layout-flex wp-container-core-group-is-layout-939d3073 wp-block-group-is-layout-flex\" style=\"border-style:none;border-width:0px;padding-right:0;padding-left:0\">\n<div style=\"height:0px\" aria-hidden=\"true\" class=\"wp-block-spacer wp-container-content-b30579f5\"><\/div>\n\n\n\n<h3 class=\"wp-block-heading\">Situaci\u00f3<\/h3>\n<\/div>\n\n\n<p><iframe loading=\"lazy\" src=\"https:\/\/www.google.com\/maps\/d\/u\/1\/embed?mid=1fREQ_NNfCANLrlJ4A5EqsPW_Ts2wv50&#038;ehbc=2E312F\" width=\"100%\" height=\"480\" style=\"border: 0px;\"><\/iframe><\/p>\n\n\n<div class=\"wp-block-group is-vertical is-layout-flex wp-container-core-group-is-layout-939d3073 wp-block-group-is-layout-flex\" style=\"border-style:none;border-width:0px;padding-right:0;padding-left:0\">\n<hr class=\"wp-block-separator has-text-color has-cyan-bluish-gray-color has-alpha-channel-opacity has-cyan-bluish-gray-background-color has-background is-style-wide\" style=\"margin-top:var(--wp--preset--spacing--30);margin-bottom:var(--wp--preset--spacing--30)\"\/>\n<\/div>\n\n\n\n<h3 class=\"wp-block-heading\">Empreses associades<\/h3>\n\n\n\n<div class=\"wp-block-columns is-layout-flex wp-container-core-columns-is-layout-28f84493 wp-block-columns-is-layout-flex\">\n<div class=\"wp-block-column is-layout-flow wp-block-column-is-layout-flow\">\n<p><strong>A.LLOP VIC SL<br>AREA DELS PRADALS SL<br>ARPLAS VIC SL<br>ASSOC.PROP.ILLA C\u00c0RNICA DE VIC<br>ART FOR ART\n<br>ATR TRUCKS VIC SL<br>AUTO REPARACIO POLIGON SL<br>AVICOLA I RAMADERA CASELLAS SA<br>BAPORO SL<br>Big Mat Gil<br>BOSCHFORT PACKAGING SL<br>CALDERERIA OSONA SL<br>Conservaci\u00f3 de Carreteres-Diputaci\u00f3 de Barcelona<br>CARMONA MIRANDA, JOSEP MARIA<br>CARNIQUES D&#8217;OSONA SL<br>CARROSSERIES TOLOSA SL &#8211; THERMO TRUCKS SL<br>CESPA COMPA\u00d1\u00cdA ESPA\u00d1OLA DE SERVICIOS P\u00daBLICOS AUXILIARES SA<br>COMA BASSAS SL<br>COMERCIAL SISTEMES DE BOMBEIG 2017 S.L.<br>COOPERATIVA MAV 2020 SCCL<br>COSTA FOOD MEAT SL<br>CUNOVESA IBERICA SL<br>DETERVIC SA<br>DISCONGEL SA<br>DORSAL-SPORT SERIGRAFIA SCCL<br>Embutidos sol\u00e0 S.A<br>ELAUSA ELECTRONICS SL<br>EMBUTIDOS OSONA SA<br>ENGIAUX SL<br>MARGEN FOODS SL<br>ESCORXADOR FRIGOR\u00cdFIC D&#8217;OSONA SA<br>ESPINA ORDEIX, JULI<br>ECC soldaduras<br>ESTACIO SERVEI ROMEU-REIXACH SL<br>ESTRUCTURES MUNTATGES I SOLDADURES J S SL<br>EXCAVACIONS CARRERA SA<br>FABRYTER SL<br>FERRALLATS GESTER SL<br>FREDOSONA SL<br>FRIGOTRANS SCCL<br>FRIT RAVICH SL<\/strong><\/p>\n<\/div>\n\n\n\n<div class=\"wp-block-column is-layout-flow wp-block-column-is-layout-flow\">\n<h5 class=\"wp-block-heading\">GASTRO FOODS IBERICA S.A.<br>GIRBAU SA<br>GRUP BAUCELLS ALIMENTACI\u00d3 SL<br>GRUPO ALVIC FR MOBILIARIO SL<br>IDEES DISSENY<br>JAIME DURAN SA<br>JOAN PADROS SA<br>LLAR IMPORT SL<br>LOBSTER&#8217;S DAY SL<br>LOGISTICA FONT I FILLS SL<br>LOGISTICA MALLOLES SL<br>MARCEL CORNEL<br>MOVENTIA S.A<br>MURALLATRANS SL<br>MEPVIC 2020<br>NABRISA DISTRIBUCIONES SL<br>NEDGIA CATALUNYA SA<br>NTC OSONA<br>ORIOL VILAREGUT PRAT<br>PREZERO ESPA\u00d1A S.A.U<br>PROCARN VIC SL<br>Perforacions Josep Casany,SL <br>R&amp;G METAL SHAPING SL<br>R\u00c0DIO STOCK SL<br>RASAL PINTORS SL<br>RECAMBIOS Y ACCESORIOS GAUDI SL<br>RETOLS DOS ART VIC S.L.<br>ROVIRA MOTOR SA<br>RSB SOFT SL<br>SAGALES<br>SALA DE DESFER I MAGATZEM FRIGORIFIC J VI\u00d1AS SA<br>SE\u00d1\u00c9 MUNTAL, JOAN<br>SOGEPY FACTORY LAND, S.L.<br>SOLUCIONES MIKELIA SLU<br>SUBIRANAS OLIVERAS SA<br>SUBMINISTRES COMTEC SL<br>TALLER PADDOCK, S.L.<br>TALLERES J VILA SL<br>TRAFORART CHIMENEAS<br>TRANSPORTES FRIGORIFICOS JUAN FLORES SL<br>TRANSPORTS ROSSEND QUINTANA, SA<br>TRASLLAT MIPORK SL.<br>VICTRAN SA<br>VILALTA PIJUAN, JORDI<\/h5>\n<\/div>\n<\/div>\n\n\n\n<div style=\"height:217px\" aria-hidden=\"true\" class=\"wp-block-spacer\"><\/div>\n\n\n\n<p>Vols m\u00e9s informaci\u00f3?&nbsp;<a href=\"https:\/\/ainev.cat\/\" target=\"_blank\" rel=\"noreferrer noopener\"><strong>Consulta al web<\/strong><\/a><\/p>\n","protected":false},"excerpt":{"rendered":"<p>Presidenta: Concepci\u00f3n FloresGestora intera: Anna Maria Arum\u00ed Per m\u00e9s informaci\u00f3:&nbsp;consulta al web&nbsp; Presentaci\u00f3 Creada al 1990 per la inquietud d\u2019uns propietaris i\/o usuaris degut a la inseguretat, neteja, mal estat d\u2019alguns carrers, creixement incontrolat de les herbes, la incompleta senyalitzaci\u00f3\u2026. amb la finalitat de: \u201cvetllar per l\u2019inter\u00e8s o els beneficis del Pol\u00edgon i dels seus [&hellip;]<\/p>\n","protected":false},"author":2,"featured_media":0,"parent":12,"menu_order":0,"comment_status":"closed","ping_status":"closed","template":"","meta":{"footnotes":""},"class_list":["post-149","page","type-page","status-publish","hentry"],"_links":{"self":[{"href":"https:\/\/poligonsvic.cat\/index.php\/wp-json\/wp\/v2\/pages\/149","targetHints":{"allow":["GET"]}}],"collection":[{"href":"https:\/\/poligonsvic.cat\/index.php\/wp-json\/wp\/v2\/pages"}],"about":[{"href":"https:\/\/poligonsvic.cat\/index.php\/wp-json\/wp\/v2\/types\/page"}],"author":[{"embeddable":true,"href":"https:\/\/poligonsvic.cat\/index.php\/wp-json\/wp\/v2\/users\/2"}],"replies":[{"embeddable":true,"href":"https:\/\/poligonsvic.cat\/index.php\/wp-json\/wp\/v2\/comments?post=149"}],"version-history":[{"count":44,"href":"https:\/\/poligonsvic.cat\/index.php\/wp-json\/wp\/v2\/pages\/149\/revisions"}],"predecessor-version":[{"id":482,"href":"https:\/\/poligonsvic.cat\/index.php\/wp-json\/wp\/v2\/pages\/149\/revisions\/482"}],"up":[{"embeddable":true,"href":"https:\/\/poligonsvic.cat\/index.php\/wp-json\/wp\/v2\/pages\/12"}],"wp:attachment":[{"href":"https:\/\/poligonsvic.cat\/index.php\/wp-json\/wp\/v2\/media?parent=149"}],"curies":[{"name":"wp","href":"https:\/\/api.w.org\/{rel}","templated":true}]}}