{"id":294,"date":"2023-11-28T17:26:24","date_gmt":"2023-11-28T16:26:24","guid":{"rendered":"https:\/\/poligonsvic.cat\/?page_id=294"},"modified":"2026-03-13T10:04:06","modified_gmt":"2026-03-13T09:04:06","slug":"apvic","status":"publish","type":"page","link":"https:\/\/poligonsvic.cat\/index.php\/apvic\/","title":{"rendered":"Associaci\u00f3 de Poligons de Vic Nord"},"content":{"rendered":"\n<div class=\"wp-block-columns is-layout-flex wp-container-core-columns-is-layout-28f84493 wp-block-columns-is-layout-flex\">\n<div class=\"wp-block-column has-background-background-color has-background is-layout-flow wp-block-column-is-layout-flow\" style=\"padding-top:var(--wp--preset--spacing--50);padding-right:var(--wp--preset--spacing--30);padding-bottom:var(--wp--preset--spacing--50);padding-left:var(--wp--preset--spacing--30)\">\n<figure class=\"wp-block-image alignleft size-full is-resized\"><img loading=\"lazy\" decoding=\"async\" width=\"429\" height=\"289\" src=\"https:\/\/poligonsvic.cat\/wp-content\/uploads\/2023\/11\/Captura-de-Pantalla-2023-11-27-a-les-11.59.56.png\" alt=\"\" class=\"wp-image-137\" style=\"width:194px;height:auto\" srcset=\"https:\/\/poligonsvic.cat\/wp-content\/uploads\/2023\/11\/Captura-de-Pantalla-2023-11-27-a-les-11.59.56.png 429w, https:\/\/poligonsvic.cat\/wp-content\/uploads\/2023\/11\/Captura-de-Pantalla-2023-11-27-a-les-11.59.56-300x202.png 300w\" sizes=\"auto, (max-width: 429px) 100vw, 429px\" \/><\/figure>\n<\/div>\n<\/div>\n\n\n\n<figure class=\"wp-block-image size-large\"><img loading=\"lazy\" decoding=\"async\" width=\"1024\" height=\"339\" src=\"https:\/\/poligonsvic.cat\/wp-content\/uploads\/2023\/11\/apvic-1024x339.png\" alt=\"\" class=\"wp-image-295\" srcset=\"https:\/\/poligonsvic.cat\/wp-content\/uploads\/2023\/11\/apvic-1024x339.png 1024w, https:\/\/poligonsvic.cat\/wp-content\/uploads\/2023\/11\/apvic-300x99.png 300w, https:\/\/poligonsvic.cat\/wp-content\/uploads\/2023\/11\/apvic-768x254.png 768w, https:\/\/poligonsvic.cat\/wp-content\/uploads\/2023\/11\/apvic.png 1147w\" sizes=\"auto, (max-width: 1024px) 100vw, 1024px\" \/><\/figure>\n\n\n\n<div class=\"wp-block-group is-vertical is-layout-flex wp-container-core-group-is-layout-939d3073 wp-block-group-is-layout-flex\" style=\"border-style:none;border-width:0px;padding-right:0;padding-left:0\">\n<div style=\"height:34px\" aria-hidden=\"true\" class=\"wp-block-spacer wp-container-content-cf2db169\"><\/div>\n\n\n\n<div style=\"height:20px\" aria-hidden=\"true\" class=\"wp-block-spacer wp-container-content-728072c3\"><\/div>\n\n\n\n<details class=\"wp-block-details has-vivid-red-color has-text-color has-link-color wp-elements-289f885b255acc13ce1e53834390b931 is-layout-flow wp-block-details-is-layout-flow\"><summary>Contacta&#8217;ns<\/summary>\n<p>poligonsvicnord@gmail.com<br>Tel\u00e8fon: 648 75 72 20<\/p>\n\n\n\n<div style=\"height:21px\" aria-hidden=\"true\" class=\"wp-block-spacer\"><\/div>\n<\/details>\n\n\n\n<p><strong>President:&nbsp;<\/strong>Jaume Almat\u00f3<\/p>\n\n\n\n<div style=\"height:20px\" aria-hidden=\"true\" class=\"wp-block-spacer wp-container-content-62aae154\"><\/div>\n\n\n\n<h3 class=\"wp-block-heading\">Presentaci\u00f3<\/h3>\n\n\n\n<p><br>L\u2019Associaci\u00f3 de Pol\u00edgons Vic Nord es va constituir l\u2019any 2007 de la ma de 3 empresaris de la amb la finalitat d\u2019agrupar peticions i poder aplicar-les de manera conjunta. Aglutina els pol\u00edgons comercials del municipi: Sot dels Pradals, Mas Beul\u00f3, Mas d\u2019en Prat i Mas d&#8217;en Bigas.<br>Duranta aquests anys s\u2019han portat a terme varies accions ja sigui, indicadors a les vies p\u00fabliques amb les ubicacions de les diferents empreses. Compra agregades d\u2019electricitat, c\u00e0meres de v\u00eddeovigil\u00e0ncia, entre d\u2019altres. Actualment la gestionen tamb\u00e9 3 empresaris, els quals es divideixen les tasques i l\u2019objectiu continua essent el mateix: agrupar peticions comunes de diferents empreses i executar-les amb la finalitat de guanyar efici\u00e8ncia a les nostres empreses.<\/p>\n<\/div>\n\n\n\n<h3 class=\"wp-block-heading\">Serveis<\/h3>\n\n\n\n<ul class=\"wp-block-list\">\n<li><strong>Gesti\u00f3 mancomunada: <\/strong>Vetllar per propostes conjuntes per a la millora dels pol\u00edgons de Vic.<\/li>\n\n\n\n<li><strong>Gesti\u00f3 de la SEGURETAT<\/strong>: c\u00e0meres de videovigil\u00e0ncia i servei de vigil\u00e0ncia amb rondes als pol\u00edgons de Malloles, Bruguer i Casassas, la resta de zones est\u00e0 en per\u00edode d\u2019estudi.<\/li>\n\n\n\n<li>Millorar la MOBILITAT: contacte directe amb l\u2019\u00e0rea de mobilitat de l\u2019Ajuntament de Vic per treballar conjuntament amb pel seu bon funcionament. Temes: circulaci\u00f3 de vehicles, carrils bicicleta, sentits de circulaci\u00f3, aparcaments de tot tipus, senyalitzacions, incid\u00e8ncies, etc.&nbsp;<\/li>\n\n\n\n<li><strong>VETLLAR PEL MANTENIMENT de l\u2019\u00c0REA INDUSTRIAL:<\/strong> jardineria, cal\u00e7ades, neteja, enllumenat, senyalitzaci\u00f3 i alertar de comportaments inc\u00edvics.<\/li>\n\n\n\n<li>SALUT: desfibril\u00b7ladors als pol\u00edgons per tenir la zona cardioprotegida.<\/li>\n\n\n\n<li><strong>CONNEXIONS<\/strong>: Contacte directe amb l\u2019Ajuntament de Vic amb la regidoria de promoci\u00f3 econ\u00f2mica, \u00e0rea de manteniment, mobilitat i promoci\u00f3 econ\u00f2mica de Vic (Creacci\u00f3) i les dues associacions de PAEs m\u00e9s que hi ha a Vic. El 1r dijous de cada mes.<\/li>\n\n\n\n<li><strong>COMPETITIVITAT EMPRESARIAL<\/strong>: assessoraments en energia, residus, gesti\u00f3, digital, etc., creaci\u00f3 grup de compra d\u2019energia.<\/li>\n\n\n\n<li><strong>COMUNICACI\u00d3:&nbsp;<\/strong>Informar peri\u00f2dicament de totes les actuacions que es realitzen.<\/li>\n\n\n\n<li><strong>POSICIONAMENT I VISIBILITAT: <\/strong>directori empresarial (<a href=\"http:\/\/empresesosona.cat\/\" target=\"_blank\" rel=\"noreferrer noopener\">http:\/\/empresesosona.cat\/<\/a>).<\/li>\n<\/ul>\n\n\n\n<div class=\"wp-block-group is-vertical is-layout-flex wp-container-core-group-is-layout-939d3073 wp-block-group-is-layout-flex\" style=\"border-style:none;border-width:0px;padding-right:0;padding-left:0\">\n<div style=\"height:0px\" aria-hidden=\"true\" class=\"wp-block-spacer wp-container-content-b30579f5\"><\/div>\n\n\n\n<h3 class=\"wp-block-heading\">Situaci\u00f3<\/h3>\n<\/div>\n\n\n<p><iframe loading=\"lazy\" src=\"https:\/\/www.google.com\/maps\/d\/u\/1\/embed?mid=1XHTSP2tvSUDFdwtbMEw52DvZD_FGyqQ&#038;ehbc=2E312F\" width=\"100%\" height=\"480\" style=\"border: 0px;\"><\/iframe><\/p>\n\n\n<div class=\"wp-block-group is-vertical is-layout-flex wp-container-core-group-is-layout-939d3073 wp-block-group-is-layout-flex\" style=\"border-style:none;border-width:0px;padding-right:0;padding-left:0\">\n<hr class=\"wp-block-separator has-text-color has-cyan-bluish-gray-color has-alpha-channel-opacity has-cyan-bluish-gray-background-color has-background is-style-wide\" style=\"margin-top:var(--wp--preset--spacing--30);margin-bottom:var(--wp--preset--spacing--30)\"\/>\n<\/div>\n\n\n\n<h3 class=\"wp-block-heading\">Empreses associades<\/h3>\n\n\n\n<div class=\"wp-block-columns is-layout-flex wp-container-core-columns-is-layout-28f84493 wp-block-columns-is-layout-flex\">\n<div class=\"wp-block-column is-layout-flow wp-block-column-is-layout-flow\">\n<h5 class=\"wp-block-heading\">MOTOS AUSIO S A <br>ALBET<br>ACCESSORIS SENCOR<br>ANGEL MIR<br>Cromvic<br>INDUSTRIAS CASELLAS SL<br>BAR RESTAURANT BEUL\u00d3<br>COMERCIAL MORERA<br>MATERIALS DE CONSTRUCCIO GIL SL <br>CODOL-VIC GESTI\u00d3, SL<br>ISERN<br>PICALL PINTURES <br>PINTUR SA<br>Celler d&#8217;OSONA<br>FERRETERIA FURRIOLS SA<br>JULIAN ARUMI SL<br>FANATIK SPORTS SL.<br>BON PREU<br>SISTEMES DE RESTAURACIO CATALUNYA SL<br>AUTOVIDREVIC SL<br>MISTER SUSHI<br>SERRA SERVEIS<br>RIPOLL I FILLS SL<br>EIX AMBIENTAL<br>FRED INDUSTRIAL CANELLAS S.L.<br>CASACUBERTA AUTOMOBILS SL<br>CORRETJA<br>RESTAURANT PARENTHESIS <br>TECNICS EN SEGURETAT I FOC SL<br>TRIPERA VIGATANA<br>LIMPIEZAS DEYSE<br>RADIO CARRERA<br>EXCLUSIVES SALAT<br>PROMOCIONES VETERINARIAS SA<br>MATER VILA&amp;VILA SL<br>HIDROTECH BORDALLO<br>COMERCIAL REYMAVIC<br>Esports Montany\u00e0<br>PRIMERS CARBURANTS SPT SL<br>VICTIRES AUTO SL<br>XEMENEIES POU<br>ARUMI COMERCIAL SL<br>COMPANYIA D&#8217;UNIFORMES TECNIPRO<br>Recanvis i Tallers Albareda &#8211; Magatzem<br>CANSILCAT SL <br>PLANXISTERIA LLATZER I MOLINA<br>Unipreus S.L<br>B FOLGAROLES<br>RODI SIA S.L. Rodi Motor Services<br>VILAR RIBA<\/h5>\n\n\n\n<h5 class=\"wp-block-heading\"><\/h5>\n\n\n\n<p><br> <br><br><\/p>\n\n\n\n<p><\/p>\n<\/div>\n\n\n\n<div class=\"wp-block-column is-layout-flow wp-block-column-is-layout-flow\">\n<h5 class=\"wp-block-heading\">CUBERTA SERVEIS FUNERARIS<br>MARBRES EL CLAUSTRE SL <br>MATERIAL D&#8217;OFICINA VIC SL<br>LIDL SUPERMERCADOS SAU<br>FRIGOR\u00cdFICS FERRER<br>GOLDEN PARK<br>Hockeymania<br>INOXVIC TALLER SL<br>TRANSERBOX VIC SL<br>AURIAL PADEL VIC<br>VALL COMPANYS S.A.U.<br>ELECTRICA GAFONAL SL<br>INDYK INTERNACIONAL DE COMERC DE PRODUCTES D&#8217;ALIM<br>CONFECCIONS MADO<br>INVERSIONS SOT DELS PARDALS SL<br>FES MES BRICOLATGE <br>DIVERMAT DIGITAL ,S.L.<br>RAIL TAVERN, SL<br>REPARTIMENT Y ENVIOS 2011 SL<br>AUTO DIESEL VIC, SA<br>Electrot\u00e8cnia Vic S.L.U. <br>SALTOKI VIC SA<br>PANAD\u00c8S ALEMANY<br>AMARU<br>LA CROSSANDRA, LA BOTIGA DELS CANELONS<br>PROGEA<br>COS F\u00cdSIC WELL<br>ANG\u00c8L DAN\u00c9S<br>ABC<br>JCM TECHNOLOGIES<br>GIRBAU<br>K\u00d6NIG<br>MERCADONA <br>TAGLIATELLA<br>NACEX<br>OSONA LLUM<br>FUNDACI\u00d3 SANT TOM\u00c0S<br>J. LUPON<br>ON CLICK SOLUTION<br>TERRI MOTOR<br>PASEMA<br>PLANXISTERIA SERRA<br>PUBLICITAT MONTSENY<br>DISTRIBUCIONS JEP<br>SEC I MOLL<br>ZINCROM CONEJO<br>VIENA<br>BOADA I TEULATS, SLU<br>SINELEC<br>NORAUTO<br>GRITECSA<br>MAXI CASA<br>RESTAURANT LA CANYA<br>Cresta Nevada<br>FRANKFURT JOAN<br>Mascot-Cat<\/h5>\n<\/div>\n<\/div>\n\n\n\n<h2 class=\"wp-block-heading\">Associa la teva empresa<\/h2>\n\n\n\n\n<div class=\"wpcf7 no-js\" id=\"wpcf7-f360-o1\" lang=\"es-ES\" dir=\"ltr\" data-wpcf7-id=\"360\">\n<div class=\"screen-reader-response\"><p role=\"status\" aria-live=\"polite\" aria-atomic=\"true\"><\/p> <ul><\/ul><\/div>\n<form action=\"\/index.php\/wp-json\/wp\/v2\/pages\/294#wpcf7-f360-o1\" method=\"post\" class=\"wpcf7-form init wpcf7-acceptance-as-validation\" aria-label=\"Formulario de contacto\" novalidate=\"novalidate\" data-status=\"init\">\n<fieldset class=\"hidden-fields-container\"><input type=\"hidden\" name=\"_wpcf7\" value=\"360\" \/><input type=\"hidden\" name=\"_wpcf7_version\" value=\"6.1.6\" \/><input type=\"hidden\" name=\"_wpcf7_locale\" value=\"es_ES\" \/><input type=\"hidden\" name=\"_wpcf7_unit_tag\" value=\"wpcf7-f360-o1\" \/><input type=\"hidden\" name=\"_wpcf7_container_post\" value=\"0\" \/><input type=\"hidden\" name=\"_wpcf7_posted_data_hash\" value=\"\" \/>\n<\/fieldset>\n<p><label> Nom de l'empresa<br \/>\n<span class=\"wpcf7-form-control-wrap\" data-name=\"your-empresa\"><input size=\"40\" maxlength=\"400\" class=\"wpcf7-form-control wpcf7-text wpcf7-validates-as-required\" autocomplete=\"empresa\" aria-required=\"true\" aria-invalid=\"false\" value=\"\" type=\"text\" name=\"your-empresa\" \/><\/span> <\/label>\n<\/p>\n<p><label> CIF<br \/>\n<span class=\"wpcf7-form-control-wrap\" data-name=\"your-cif\"><input size=\"40\" maxlength=\"400\" class=\"wpcf7-form-control wpcf7-text wpcf7-validates-as-required\" autocomplete=\"cif\" aria-required=\"true\" aria-invalid=\"false\" value=\"\" type=\"text\" name=\"your-cif\" \/><\/span> <\/label>\n<\/p>\n<p><label> Adre\u00e7a<br \/>\n<span class=\"wpcf7-form-control-wrap\" data-name=\"your-adreca\"><input size=\"40\" maxlength=\"400\" class=\"wpcf7-form-control wpcf7-text wpcf7-validates-as-required\" autocomplete=\"adres\" aria-required=\"true\" aria-invalid=\"false\" value=\"\" type=\"text\" name=\"your-adreca\" \/><\/span> <\/label>\n<\/p>\n<p>Escull el pol\u00edgon on es troba l'empresa<br \/>\n<span class=\"wpcf7-form-control-wrap\" data-name=\"poligon2\"><select class=\"wpcf7-form-control wpcf7-select wpcf7-validates-as-required\" id=\"Poligon\" aria-required=\"true\" aria-invalid=\"false\" name=\"poligon2\"><option value=\"Pol\u00edgon Industrial Les Casasses\">Pol\u00edgon Industrial Les Casasses<\/option><option value=\"PAE Nord\tParc d\u2019Activitats\">PAE Nord\tParc d\u2019Activitats<\/option><option value=\"PAE Sud\tParc d\u2019Activitats\">PAE Sud\tParc d\u2019Activitats<\/option><option value=\"Pol\u00edgon Carretera de Gurb\">Pol\u00edgon Carretera de Gurb<\/option><option value=\"Pol\u00edgon Sot dels Pradals\">Pol\u00edgon Sot dels Pradals<\/option><option value=\"Pol\u00edgon Mas Beul\u00f3\">Pol\u00edgon Mas Beul\u00f3<\/option><option value=\"Pol\u00edgon Mas d&#039;en Prat\">Pol\u00edgon Mas d&#039;en Prat<\/option><option value=\"Pol\u00edgon El Bruguer\">Pol\u00edgon El Bruguer<\/option><option value=\"Pol\u00edgon Mas Bigas\">Pol\u00edgon Mas Bigas<\/option><option value=\"Pol\u00edgon Industrial Malloles\">Pol\u00edgon Industrial Malloles<\/option><\/select><\/span>\n<\/p>\n<p><label> Persona de contacte<br \/>\n<span class=\"wpcf7-form-control-wrap\" data-name=\"your-persona\"><input size=\"40\" maxlength=\"400\" class=\"wpcf7-form-control wpcf7-text wpcf7-validates-as-required\" autocomplete=\"persona\" aria-required=\"true\" aria-invalid=\"false\" value=\"\" type=\"text\" name=\"your-persona\" \/><\/span> <\/label>\n<\/p>\n<p><label> C\u00e0rrec<br \/>\n<span class=\"wpcf7-form-control-wrap\" data-name=\"your-carrec\"><input size=\"40\" maxlength=\"400\" class=\"wpcf7-form-control wpcf7-text wpcf7-validates-as-required\" autocomplete=\"carrec\" aria-required=\"true\" aria-invalid=\"false\" value=\"\" type=\"text\" name=\"your-carrec\" \/><\/span> <\/label>\n<\/p>\n<p><label> Tel\u00e8fon<br \/>\n<span class=\"wpcf7-form-control-wrap\" data-name=\"telefon\"><input size=\"40\" maxlength=\"400\" class=\"wpcf7-form-control wpcf7-tel wpcf7-text wpcf7-validates-as-tel\" aria-invalid=\"false\" value=\"\" type=\"tel\" name=\"telefon\" \/><\/span><\/label>\n<\/p>\n<p><label> Correu Electr\u00f2nic<br \/>\n<span class=\"wpcf7-form-control-wrap\" data-name=\"your-email\"><input size=\"40\" maxlength=\"400\" class=\"wpcf7-form-control wpcf7-email wpcf7-validates-as-required wpcf7-text wpcf7-validates-as-email\" autocomplete=\"email\" aria-required=\"true\" aria-invalid=\"false\" value=\"\" type=\"email\" name=\"your-email\" \/><\/span> <\/label>\n<\/p>\n<p><span class=\"wpcf7-form-control-wrap\" data-name=\"acceptar\"><span class=\"wpcf7-form-control wpcf7-acceptance\"><span class=\"wpcf7-list-item\"><label><input type=\"checkbox\" name=\"acceptar\" value=\"1\" id=\"accept\" aria-invalid=\"false\" \/><span class=\"wpcf7-list-item-label\">Autoritzo la meva inscripci\u00f3 a l'Associaci\u00f3 de Pol\u00edgons de Vic Nord, amb una quota anual de 120\u20ac\/any<\/span><\/label><\/span><\/span><\/span>\n<\/p>\n<p><input class=\"wpcf7-form-control wpcf7-submit has-spinner\" type=\"submit\" value=\"Enviar\" \/>\n<\/p>\n<style>\n.wpcf7 input[type=\"checkbox\"]\n{\n width: 2%;\n}\n<\/style><div class=\"wpcf7-response-output\" aria-hidden=\"true\"><\/div>\n<\/form>\n<\/div>\n\n","protected":false},"excerpt":{"rendered":"<p>President:&nbsp;Jaume Almat\u00f3 Presentaci\u00f3 L\u2019Associaci\u00f3 de Pol\u00edgons Vic Nord es va constituir l\u2019any 2007 de la ma de 3 empresaris de la amb la finalitat d\u2019agrupar peticions i poder aplicar-les de manera conjunta. Aglutina els pol\u00edgons comercials del municipi: Sot dels Pradals, Mas Beul\u00f3, Mas d\u2019en Prat i Mas d&#8217;en Bigas.Duranta aquests anys s\u2019han portat a [&hellip;]<\/p>\n","protected":false},"author":2,"featured_media":0,"parent":0,"menu_order":0,"comment_status":"closed","ping_status":"closed","template":"","meta":{"footnotes":""},"class_list":["post-294","page","type-page","status-publish","hentry"],"_links":{"self":[{"href":"https:\/\/poligonsvic.cat\/index.php\/wp-json\/wp\/v2\/pages\/294","targetHints":{"allow":["GET"]}}],"collection":[{"href":"https:\/\/poligonsvic.cat\/index.php\/wp-json\/wp\/v2\/pages"}],"about":[{"href":"https:\/\/poligonsvic.cat\/index.php\/wp-json\/wp\/v2\/types\/page"}],"author":[{"embeddable":true,"href":"https:\/\/poligonsvic.cat\/index.php\/wp-json\/wp\/v2\/users\/2"}],"replies":[{"embeddable":true,"href":"https:\/\/poligonsvic.cat\/index.php\/wp-json\/wp\/v2\/comments?post=294"}],"version-history":[{"count":19,"href":"https:\/\/poligonsvic.cat\/index.php\/wp-json\/wp\/v2\/pages\/294\/revisions"}],"predecessor-version":[{"id":478,"href":"https:\/\/poligonsvic.cat\/index.php\/wp-json\/wp\/v2\/pages\/294\/revisions\/478"}],"wp:attachment":[{"href":"https:\/\/poligonsvic.cat\/index.php\/wp-json\/wp\/v2\/media?parent=294"}],"curies":[{"name":"wp","href":"https:\/\/api.w.org\/{rel}","templated":true}]}}